 common factor of 36 and 45956700?
36
Calculate the greatest common factor of 82 and 20121406.
82
Calculate the highest common factor of 14312007 and 5661.
333
What is the greatest common divisor of 87362 and 856438?
242
Calculate the greatest common factor of 2487388 and 17.
1
What is the highest common divisor of 297264 and 12371568?
528
What is the greatest common factor of 650523345 and 3585?
3585
What is the highest common factor of 58790886 and 1166?
1166
What is the greatest common factor of 1098641 and 46?
23
Calculate the greatest common divisor of 305545745 and 817.
817
What is the greatest common factor of 17220 and 685?
5
What is the greatest common factor of 12834049 and 4027?
4027
What is the greatest common factor of 880 and 23832336?
176
What is the greatest common divisor of 61315590 and 490?
70
Calculate the greatest common factor of 41 and 191321293.
41
Calculate the highest common factor of 18 and 3061272.
6
What is the greatest common factor of 25 and 225467550?
25
What is the highest common divisor of 77818366 and 764?
382
What is the highest common divisor of 357 and 17654007?
357
Calculate the highest common divisor of 67509 and 116766.
117
What is the greatest common factor of 727794 and 6066?
18
Calculate the greatest common factor of 550 and 204320.
10
Calculate the greatest common factor of 286 and 124249125.
143
Calculate the greatest common factor of 62267 and 4389385.
877
What is the greatest common factor of 3868149 and 465?
93
What is the highest common divisor of 18967554 and 5910?
1182
What is the greatest common divisor of 501984 and 2822?
166
Calculate the highest common divisor of 721698175 and 275.
275
Calculate the greatest common factor of 111718 and 590221.
673
Calculate the highest common divisor of 10522050 and 25575.
825
Calculate the greatest common factor of 21572040 and 1830.
1830
What is the greatest common divisor of 3224 and 137384?
104
Calculate the greatest common factor of 795820 and 6520.
20
Calculate the greatest common divisor of 1114817572 and 44.
44
Calculate the greatest common factor of 30282450 and 8250.
1650
Calculate the highest common divisor of 10057461 and 754.
29
Calculate the greatest common factor of 401973 and 11206.
13
Calculate the highest common divisor of 7006153 and 47663.
77
What is the greatest common factor of 3636 and 386966148?
1212
What is the highest common divisor of 51696 and 96652134?
6462
What is the greatest common divisor of 1364961 and 3658?
31
Calculate the greatest common factor of 242676 and 633582.
162
What is the greatest common divisor of 1680 and 32100180?
420
What is the greatest common divisor of 495318 and 10602?
186
What is the greatest common divisor of 28890 and 225185994?
5778
What is the greatest common divisor of 72795905 and 65?
65
Calculate the greatest common divisor of 41610 and 12664770.
2190
Calculate the highest common factor of 56750 and 487142.
454
What is the highest common divisor of 140520334 and 124?
62
What is the highest common factor of 15882368 and 12736?
64
Calculate the highest common divisor of 2641050 and 34050.
150
What is the highest common divisor of 288455424 and 1152?
384
What is the highest common divisor of 1363000 and 72?
8
What is the highest common divisor of 30349 and 7073275?
979
What is the greatest common factor of 76445499 and 39?
39
What is the highest common factor of 1709 and 600716918?
1709
Calculate the highest common factor of 121 and 8237889.
11
What is the highest common factor of 8323 and 35?
7
Calculate the greatest common factor of 567 and 57664950.
21
Calculate the highest common factor of 352925 and 3800.
475
Calculate the highest common factor of 72339990 and 571.
571
What is the highest common factor of 1208172 and 342?
114
What is the greatest common factor of 151796 and 499708?
1108
Calculate the greatest common divisor of 75649 and 70406.
749
What is the greatest common divisor of 158000 and 10300?
100
Calculate the highest common factor of 240189 and 14145.
69
Calculate the greatest common divisor of 3029822 and 4.
2
What is the highest common factor of 1256 and 10391673?
157
Calculate the highest common divisor of 890 and 233535822.
178
Calculate the greatest common factor of 18530 and 1462.
34
Calculate the highest common divisor of 35 and 403238605.
35
Calculate the highest common divisor of 49702626 and 108.
54
Calculate the highest common divisor of 43371733 and 110556.
3071
Calculate the highest common factor of 4062 and 85908.
6
What is the greatest common factor of 182952 and 3784?
88
Calculate the greatest common divisor of 197334 and 34143.
57
What is the greatest common factor of 78 and 207367386?
6
What is the greatest common divisor of 695 and 15108605?
695
Calculate the highest common factor of 4 and 913914.
2
Calculate the highest common factor of 42616601 and 133.
19
Calculate the highest common divisor of 20833770 and 6.
6
What is the greatest common factor of 124 and 462468?
4
What is the greatest common divisor of 3388 and 3233461?
77
What is the highest common divisor of 274992281 and 101497?
9227
Calculate the highest common divisor of 105608 and 5319082.
614
Calculate the greatest common divisor of 6760 and 136130.
10
What is the highest common factor of 610 and 678124800?
610
Calculate the highest common divisor of 8970 and 439944414.
1794
What is the highest common factor of 264 and 1466949?
33
Calculate the highest common factor of 196388346 and 616.
154
Calculate the highest common divisor of 67 and 17182.
1
What is the greatest common factor of 237 and 86754561?
237
What is the highest common factor of 271477762 and 118?
118
Calculate the greatest common factor of 6 and 130019754.
6
Calculate the highest common divisor of 3294 and 19273743.
549
Calculate the greatest common factor of 1178371773 and 38.
19
Calculate the greatest common divisor of 148 and 159632.
4
Calculate the highest common factor of 99472 and 1328.
16
Calculate the highest common divisor of 1284 and 12502736.
428
Calculate the highest common factor of 15932 and 52409452.
2276
What is the highest common divisor of 518224 and 912180?
2644
Calculate the highest common factor of 161 and 762782419.
161
What is the greatest common divisor of 519666 and 112?
14
What is the greatest common factor of 28148173 and 12295?
2459
What is the greatest common divisor of 18347879 and 33?
11
What is the highest common factor of 4903320 and 142680?
3480
Calculate the greatest common factor of 4203 and 1756962.
9
What is the greatest common factor of 15960 and 843154830?
3990
What is the highest common factor of 17077944 and 624?
312
What is the highest common factor of 2435 and 2775?
5
Calculate the highest common factor of 253051480 and 5352.
1784
What is the highest common divisor of 979 and 17767871?
979
What is the highest common factor of 12192 and 225696?
96
What is the greatest common divisor of 77252 and 23212?
28
What is the highest common divisor of 74 and 118548?
74
What is the greatest common divisor of 9195505 and 990?
55
What is the greatest common divisor of 127718580 and 60?
60
What is the highest common divisor of 3679 and 1233219?
13
What is the highest common divisor of 37884 and 5652834?
2706
Calculate the greatest common factor of 11526 and 41255283.
339
Calculate the greatest common divisor of 5278669 and 99.
11
What is the greatest common factor of 3793845 and 195?
15
What is the greatest common factor of 22588709 and 502381?
4609
What is the highest common factor of 264 and 7947384?
24
What is the highest common divisor of 2924 and 162467674?
1462
Calculate the highest common factor of 1264934 and 1452.
242
What is the highest common divisor of 28005523 and 9807?
3269
Calculate the greatest common divisor of 41839 and 46574591.
973
Calculate the highest common factor of 21203040 and 15485.
815
What is the greatest common divisor of 124737856 and 327?
109
What is the highest common divisor of 754 and 169671924?
58
What is the highest common factor of 30 and 5167375?
5
Calculate the greatest common divisor of 445 and 693741205.
445
Calculate the greatest common factor of 5140 and 680980.
20
Calculate the greatest common divisor of 473385 and 3549255.
2265
What is the greatest common